{"id":245,"date":"2024-08-26T22:04:42","date_gmt":"2024-08-26T22:04:42","guid":{"rendered":"https:\/\/shungalladventure.com\/?page_id=245"},"modified":"2024-08-27T16:10:36","modified_gmt":"2024-08-27T16:10:36","slug":"quienes-somos-shungalla-adventure","status":"publish","type":"page","link":"https:\/\/shungalladventure.com\/?page_id=245","title":{"rendered":""},"content":{"rendered":"\n<div class=\"wp-block-group alignfull has-white-background-color has-background has-global-padding is-layout-constrained wp-block-group-is-layout-constrained\" style=\"padding-top:var(--wp--preset--spacing--small);padding-bottom:var(--wp--preset--spacing--small)\">\n<h2 class=\"wp-block-heading has-medium-font-size\" style=\"text-transform:uppercase\"><strong>Qui\u00e9nes Somos &#8211; Shungalla Adventure<\/strong><\/h2>\n\n\n\n<p>Me llamo Francesco Zati, nacido en Florencia, Italia, y llevo m\u00e1s de 14 a\u00f1os viviendo en Per\u00fa. Mi trayectoria en el turismo me ha llevado a trabajar en diversos lugares del mundo, incluyendo los hermosos fiordos de Noruega, en regiones como Geiranger y Hellesylt, donde perfeccion\u00e9 mi comprensi\u00f3n del turismo en entornos naturales \u00fanicos. Sin embargo, fue en la regi\u00f3n Amazonas del Per\u00fa, donde los Andes tropicales se encuentran con la selva, que encontr\u00e9 mi verdadera pasi\u00f3n y un lugar que he decidido llamar hogar.<\/p>\n\n\n\n<p>La regi\u00f3n Amazonas es un espect\u00e1culo de la naturaleza, donde la biodiversidad florece y los paisajes var\u00edan desde monta\u00f1as cubiertas de nubes hasta valles profundos, adornados con cataratas y bosques exuberantes. Este entorno \u00fanico me ha cautivado, y a lo largo de los a\u00f1os, he recorrido estos senderos, explorando cada rinc\u00f3n y descubriendo siempre algo nuevo en cada viaje.<\/p>\n\n\n\n<p>Con este profundo conocimiento y amor por la tierra, decid\u00ed crear <strong>Shungalla Adventure<\/strong> para compartir la aut\u00e9ntica belleza y cultura de la regi\u00f3n Amazonas con otros. Adem\u00e1s, junto con mi familia, hemos creado<a href=\"https:\/\/casanuestraperu.com\"> <strong>Casa Nuestra Peru<\/strong><\/a>, un acogedor B&amp;B en Lima, y <strong><a href=\"https:\/\/mamaqtambolodge.com\">Mamaq Tambo Lodge<\/a><\/strong>, un refugio exclusivo en Cocachimba, Amazonas. Ambos proyectos son una extensi\u00f3n de mi filosof\u00eda de turismo: ofrecer una experiencia aut\u00e9ntica, donde el turista no es solo un visitante, sino un amigo o miembro de la familia que acompa\u00f1o en su aventura para descubrir la verdadera esencia del lugar.<\/p>\n\n\n\n<p>En <strong>Shungalla Adventure<\/strong>, creemos que el turismo es m\u00e1s que ver paisajes; es conectar con la cultura, las personas, y el esp\u00edritu del lugar. Nos esforzamos por ofrecer experiencias que transformen y enriquezcan, guiando a nuestros hu\u00e9spedes a trav\u00e9s de rutas menos transitadas y momentos de genuina conexi\u00f3n con la naturaleza y la cultura local.al.<\/p>\n\n\n\n<div class=\"wp-block-buttons is-horizontal is-content-justification-left is-layout-flex wp-container-core-buttons-is-layout-20be11b6 wp-block-buttons-is-layout-flex\">\n<div class=\"wp-block-button is-style-outline is-style-outline--1\"><a class=\"wp-block-button__link wp-element-button\" href=\"https:\/\/shungalladventure.com\/?page_id=11\">CONTACTANOS<\/a><\/div>\n<\/div>\n<\/div>\n\n\n\n<p><\/p>\n","protected":false},"excerpt":{"rendered":"<p>Qui\u00e9nes Somos &#8211; Shungalla Adventure Me llamo Francesco Zati, nacido en Florencia, Italia, y llevo m\u00e1s de 14 a\u00f1os viviendo en Per\u00fa. Mi trayectoria en el turismo me ha llevado a trabajar en diversos lugares del mundo, incluyendo los hermosos fiordos de Noruega, en regiones como Geiranger y Hellesylt, donde perfeccion\u00e9 mi comprensi\u00f3n del turismo &hellip; <\/p>\n<p class=\"link-more\"><a href=\"https:\/\/shungalladventure.com\/?page_id=245\" class=\"more-link\">Leer m\u00e1s<span class=\"screen-reader-text\"> \u00ab\u00bb<\/span><\/a><\/p>\n","protected":false},"author":1,"featured_media":126,"parent":0,"menu_order":0,"comment_status":"closed","ping_status":"closed","template":"","meta":{"inspiro_hide_title":false,"_joinchat":[],"footnotes":""},"class_list":["post-245","page","type-page","status-publish","has-post-thumbnail","hentry"],"featured_media_urls":{"thumbnail":["https:\/\/shungalladventure.com\/wp-content\/uploads\/2024\/08\/IMG-20240730-WA0017-150x150.jpg",150,150,true],"medium":["https:\/\/shungalladventure.com\/wp-content\/uploads\/2024\/08\/IMG-20240730-WA0017-300x225.jpg",300,225,true],"medium_large":["https:\/\/shungalladventure.com\/wp-content\/uploads\/2024\/08\/IMG-20240730-WA0017.jpg",768,576,false],"large":["https:\/\/shungalladventure.com\/wp-content\/uploads\/2024\/08\/IMG-20240730-WA0017-1024x768.jpg",950,713,true],"1536x1536":["https:\/\/shungalladventure.com\/wp-content\/uploads\/2024\/08\/IMG-20240730-WA0017-1536x1152.jpg",1536,1152,true],"2048x2048":["https:\/\/shungalladventure.com\/wp-content\/uploads\/2024\/08\/IMG-20240730-WA0017.jpg",1600,1200,false],"inspiro-featured-image":["https:\/\/shungalladventure.com\/wp-content\/uploads\/2024\/08\/IMG-20240730-WA0017.jpg",1600,1200,false],"inspiro-loop":["https:\/\/shungalladventure.com\/wp-content\/uploads\/2024\/08\/IMG-20240730-WA0017-950x320.jpg",950,320,true],"inspiro-loop@2x":["https:\/\/shungalladventure.com\/wp-content\/uploads\/2024\/08\/IMG-20240730-WA0017-1600x640.jpg",1600,640,true],"portfolio_item-thumbnail":["https:\/\/shungalladventure.com\/wp-content\/uploads\/2024\/08\/IMG-20240730-WA0017-600x400.jpg",600,400,true],"portfolio_item-thumbnail@2x":["https:\/\/shungalladventure.com\/wp-content\/uploads\/2024\/08\/IMG-20240730-WA0017-1200x800.jpg",1200,800,true],"portfolio_item-masonry":["https:\/\/shungalladventure.com\/wp-content\/uploads\/2024\/08\/IMG-20240730-WA0017-600x450.jpg",600,450,true],"portfolio_item-masonry@2x":["https:\/\/shungalladventure.com\/wp-content\/uploads\/2024\/08\/IMG-20240730-WA0017-1200x900.jpg",1200,900,true],"portfolio_item-thumbnail_cinema":["https:\/\/shungalladventure.com\/wp-content\/uploads\/2024\/08\/IMG-20240730-WA0017-800x335.jpg",800,335,true],"portfolio_item-thumbnail_portrait":["https:\/\/shungalladventure.com\/wp-content\/uploads\/2024\/08\/IMG-20240730-WA0017-600x900.jpg",600,900,true],"portfolio_item-thumbnail_portrait@2x":["https:\/\/shungalladventure.com\/wp-content\/uploads\/2024\/08\/IMG-20240730-WA0017-1200x1200.jpg",1200,1200,true],"portfolio_item-thumbnail_square":["https:\/\/shungalladventure.com\/wp-content\/uploads\/2024\/08\/IMG-20240730-WA0017-800x800.jpg",800,800,true]},"_links":{"self":[{"href":"https:\/\/shungalladventure.com\/index.php?rest_route=\/wp\/v2\/pages\/245","targetHints":{"allow":["GET"]}}],"collection":[{"href":"https:\/\/shungalladventure.com\/index.php?rest_route=\/wp\/v2\/pages"}],"about":[{"href":"https:\/\/shungalladventure.com\/index.php?rest_route=\/wp\/v2\/types\/page"}],"author":[{"embeddable":true,"href":"https:\/\/shungalladventure.com\/index.php?rest_route=\/wp\/v2\/users\/1"}],"replies":[{"embeddable":true,"href":"https:\/\/shungalladventure.com\/index.php?rest_route=%2Fwp%2Fv2%2Fcomments&post=245"}],"version-history":[{"count":2,"href":"https:\/\/shungalladventure.com\/index.php?rest_route=\/wp\/v2\/pages\/245\/revisions"}],"predecessor-version":[{"id":287,"href":"https:\/\/shungalladventure.com\/index.php?rest_route=\/wp\/v2\/pages\/245\/revisions\/287"}],"wp:featuredmedia":[{"embeddable":true,"href":"https:\/\/shungalladventure.com\/index.php?rest_route=\/wp\/v2\/media\/126"}],"wp:attachment":[{"href":"https:\/\/shungalladventure.com\/index.php?rest_route=%2Fwp%2Fv2%2Fmedia&parent=245"}],"curies":[{"name":"wp","href":"https:\/\/api.w.org\/{rel}","templated":true}]}}