{"id":187,"date":"2024-08-12T23:52:30","date_gmt":"2024-08-12T23:52:30","guid":{"rendered":"https:\/\/shungalladventure.com\/?page_id=187"},"modified":"2024-08-26T23:17:10","modified_gmt":"2024-08-26T23:17:10","slug":"san-martin-amazonas-chachapoyas","status":"publish","type":"page","link":"https:\/\/shungalladventure.com\/?page_id=187","title":{"rendered":"SAN MART\u00cdN &#8211; AMAZONAS"},"content":{"rendered":"\n<div class=\"wp-block-group alignfull is-layout-flow wp-container-core-group-is-layout-c4d5c1b7 wp-block-group-is-layout-flow\" id=\"cover\" style=\"margin-top:0px;margin-bottom:0px\">\n<div class=\"wp-block-group has-global-padding is-layout-constrained wp-container-core-group-is-layout-4383d167 wp-block-group-is-layout-constrained\">\n<p><strong>ACTIVIDADES RESUMIDAS : <\/strong><br><em>San Roque de Cumbaza<br>Taller Cacao con Do\u00f1a Segunda<br>Noche en Chirapa Manta<br>Visita Bosque de la Nuwas<br>Mirador Bosque Alto Mayo<br>Visita Yalape y Chachapoyas (*)<br>Caminata a la Catarata de Gocta<br>Visita al Refugio del Colibr\u00ed Cola Esp\u00e1tula<\/em><br><br><strong>D\u00cdA 1 :<\/strong><br>Llegada al Aeropuerto de Tarapoto<br>Traslado en auto desde Tarapoto<br>Visita en San Roque de Cumbaza<br>Taller de \u201cRuta del Cacao\u201d con Do\u00f1a Segunda<br>Alojamiento en Chirapa Manta Lodge<br>Tiempo Libre en el Rio Cumbaza<br><br><strong>D\u00cdA 2 :<\/strong><br>Visita al Bosque de las Nuwas<br>Parada en el Mirador Bosque del Alto Mayo<br>Llegada a Mamaq Tambo Lodge<br>Visita al Refugio del Colibr\u00ed Cola Esp\u00e1tula<br><br><strong>D\u00cdA 3 :<\/strong><br>Caminata a la Catarata de Gocta<br>Box Lunch para la caminata a la Catarata de Gocta<br>Cena con fogata<br><br><strong>D\u00cdA 4 :<\/strong><br>Visita al Complejo de Kuelap<br>Visita a la Ciudad de Chachapoyas<br>Tiempo para almuerzo en la Ciudad de Chachapoyas en restaurante de su elecci\u00f3n (no incluido)<br><br><strong>D\u00cdA 5 :<\/strong><br>Traslado al aeropuerto de Chachapoyas<\/p>\n\n\n\n<p><strong>DESCRIPCI\u00d3N<\/strong><br>1 noches de alojamiento en caba\u00f1a en el rio Cumbaza con terraza y acceso al rio privado<br>3 noches de alojamiento en caba\u00f1a suite deluxe con vista a Gocta, terraza y jardines privados<br>Desayunos y cenas durante toda la estad\u00eda<br>Traslado en auto desde Tarapoto<br><br><strong>3 actividades full day<\/strong><br>Tickets para la caminata a la Catarata de Gocta<br>Box Lunch para la caminata a la Catarata de Gocta<br>1 cena con fogata<br>Tickets para el sitio arqueol\u00f3gico<br>Tickets para la visita al Ca\u00f1\u00f3n del Sonche<br><br><em><strong><br>Opciones con costo extra :<\/strong><\/em><br>Caballos para la caminata de Gocta<br>Sauna con hierbas medicinales y arom\u00e1ticas<\/p>\n\n\n\n<div style=\"height:31px\" aria-hidden=\"true\" class=\"wp-block-spacer\"><\/div>\n\n\n\n<div class=\"wp-block-buttons is-layout-flex wp-block-buttons-is-layout-flex\">\n<div class=\"wp-block-button is-style-fill\" style=\"text-transform:uppercase\"><a class=\"wp-block-button__link has-secondary-background-color has-background wp-element-button\" href=\"https:\/\/shungalladventure.com\/?page_id=11\" style=\"border-radius:0px\">mas info &#8230;<\/a><\/div>\n<\/div>\n<\/div>\n<\/div>\n","protected":false},"excerpt":{"rendered":"<p>ACTIVIDADES RESUMIDAS : San Roque de CumbazaTaller Cacao con Do\u00f1a SegundaNoche en Chirapa MantaVisita Bosque de la NuwasMirador Bosque Alto MayoVisita Yalape y Chachapoyas (*)Caminata a la Catarata de GoctaVisita al Refugio del Colibr\u00ed Cola Esp\u00e1tula D\u00cdA 1 :Llegada al Aeropuerto de TarapotoTraslado en auto desde TarapotoVisita en San Roque de CumbazaTaller de \u201cRuta del &hellip; <\/p>\n<p class=\"link-more\"><a href=\"https:\/\/shungalladventure.com\/?page_id=187\" class=\"more-link\">Leer m\u00e1s<span class=\"screen-reader-text\"> \u00abSAN MART\u00cdN &#8211; AMAZONAS\u00bb<\/span><\/a><\/p>\n","protected":false},"author":1,"featured_media":193,"parent":0,"menu_order":0,"comment_status":"closed","ping_status":"closed","template":"","meta":{"inspiro_hide_title":false,"_joinchat":[],"footnotes":""},"class_list":["post-187","page","type-page","status-publish","has-post-thumbnail","hentry"],"featured_media_urls":{"thumbnail":["https:\/\/shungalladventure.com\/wp-content\/uploads\/2024\/08\/sanmartin-150x150.jpg",150,150,true],"medium":["https:\/\/shungalladventure.com\/wp-content\/uploads\/2024\/08\/sanmartin-300x200.jpg",300,200,true],"medium_large":["https:\/\/shungalladventure.com\/wp-content\/uploads\/2024\/08\/sanmartin.jpg",768,512,false],"large":["https:\/\/shungalladventure.com\/wp-content\/uploads\/2024\/08\/sanmartin-1024x683.jpg",950,634,true],"1536x1536":["https:\/\/shungalladventure.com\/wp-content\/uploads\/2024\/08\/sanmartin-1536x1024.jpg",1536,1024,true],"2048x2048":["https:\/\/shungalladventure.com\/wp-content\/uploads\/2024\/08\/sanmartin.jpg",1800,1200,false],"inspiro-featured-image":["https:\/\/shungalladventure.com\/wp-content\/uploads\/2024\/08\/sanmartin.jpg",1800,1200,false],"inspiro-loop":["https:\/\/shungalladventure.com\/wp-content\/uploads\/2024\/08\/sanmartin-950x320.jpg",950,320,true],"inspiro-loop@2x":["https:\/\/shungalladventure.com\/wp-content\/uploads\/2024\/08\/sanmartin-1800x640.jpg",1800,640,true],"portfolio_item-thumbnail":["https:\/\/shungalladventure.com\/wp-content\/uploads\/2024\/08\/sanmartin-600x400.jpg",600,400,true],"portfolio_item-thumbnail@2x":["https:\/\/shungalladventure.com\/wp-content\/uploads\/2024\/08\/sanmartin-1200x800.jpg",1200,800,true],"portfolio_item-masonry":["https:\/\/shungalladventure.com\/wp-content\/uploads\/2024\/08\/sanmartin-600x400.jpg",600,400,true],"portfolio_item-masonry@2x":["https:\/\/shungalladventure.com\/wp-content\/uploads\/2024\/08\/sanmartin-1200x800.jpg",1200,800,true],"portfolio_item-thumbnail_cinema":["https:\/\/shungalladventure.com\/wp-content\/uploads\/2024\/08\/sanmartin-800x335.jpg",800,335,true],"portfolio_item-thumbnail_portrait":["https:\/\/shungalladventure.com\/wp-content\/uploads\/2024\/08\/sanmartin-600x900.jpg",600,900,true],"portfolio_item-thumbnail_portrait@2x":["https:\/\/shungalladventure.com\/wp-content\/uploads\/2024\/08\/sanmartin-1200x1200.jpg",1200,1200,true],"portfolio_item-thumbnail_square":["https:\/\/shungalladventure.com\/wp-content\/uploads\/2024\/08\/sanmartin-800x800.jpg",800,800,true]},"_links":{"self":[{"href":"https:\/\/shungalladventure.com\/index.php?rest_route=\/wp\/v2\/pages\/187","targetHints":{"allow":["GET"]}}],"collection":[{"href":"https:\/\/shungalladventure.com\/index.php?rest_route=\/wp\/v2\/pages"}],"about":[{"href":"https:\/\/shungalladventure.com\/index.php?rest_route=\/wp\/v2\/types\/page"}],"author":[{"embeddable":true,"href":"https:\/\/shungalladventure.com\/index.php?rest_route=\/wp\/v2\/users\/1"}],"replies":[{"embeddable":true,"href":"https:\/\/shungalladventure.com\/index.php?rest_route=%2Fwp%2Fv2%2Fcomments&post=187"}],"version-history":[{"count":7,"href":"https:\/\/shungalladventure.com\/index.php?rest_route=\/wp\/v2\/pages\/187\/revisions"}],"predecessor-version":[{"id":254,"href":"https:\/\/shungalladventure.com\/index.php?rest_route=\/wp\/v2\/pages\/187\/revisions\/254"}],"wp:featuredmedia":[{"embeddable":true,"href":"https:\/\/shungalladventure.com\/index.php?rest_route=\/wp\/v2\/media\/193"}],"wp:attachment":[{"href":"https:\/\/shungalladventure.com\/index.php?rest_route=%2Fwp%2Fv2%2Fmedia&parent=187"}],"curies":[{"name":"wp","href":"https:\/\/api.w.org\/{rel}","templated":true}]}}