{"id":10,"date":"2024-04-29T23:48:41","date_gmt":"2024-04-29T23:48:41","guid":{"rendered":"https:\/\/shungalladventure.com\/?page_id=10"},"modified":"2024-08-26T23:16:46","modified_gmt":"2024-08-26T23:16:46","slug":"trekking-amazonas","status":"publish","type":"page","link":"https:\/\/shungalladventure.com\/?page_id=10","title":{"rendered":"TREKKING"},"content":{"rendered":"\n<p><strong>Shungalla Adventure<\/strong> es tu mejor opci\u00f3n para trekking y aventura en <strong>Amazonas<\/strong>, estamos especializados en rutas alternativas, experiencias y viajes <strong>\u00abtailor made\u00bb<\/strong>.<\/p>\n\n\n\n<div style=\"height:31px\" aria-hidden=\"true\" class=\"wp-block-spacer\"><\/div>\n\n\n\n<div class=\"wp-block-group alignfull is-layout-flow wp-container-core-group-is-layout-c4d5c1b7 wp-block-group-is-layout-flow\" id=\"cover\" style=\"margin-top:0px;margin-bottom:0px\">\n<div class=\"wp-block-cover alignfull\" style=\"min-height:549px;aspect-ratio:unset;\"><span aria-hidden=\"true\" class=\"wp-block-cover__background has-black-background-color has-background-dim-20 has-background-dim\"><\/span><img loading=\"lazy\" decoding=\"async\" width=\"2560\" height=\"1920\" class=\"wp-block-cover__image-background wp-image-158\" alt=\"\" src=\"https:\/\/shungalladventure.com\/wp-content\/uploads\/2024\/08\/IMG_20181129_144907-scaled.jpg\" style=\"object-position:48% 14%\" data-object-fit=\"cover\" data-object-position=\"48% 14%\" srcset=\"https:\/\/shungalladventure.com\/wp-content\/uploads\/2024\/08\/IMG_20181129_144907-scaled.jpg 2560w, https:\/\/shungalladventure.com\/wp-content\/uploads\/2024\/08\/IMG_20181129_144907-300x225.jpg 300w, https:\/\/shungalladventure.com\/wp-content\/uploads\/2024\/08\/IMG_20181129_144907-1024x768.jpg 1024w, https:\/\/shungalladventure.com\/wp-content\/uploads\/2024\/08\/IMG_20181129_144907-2000x1500.jpg 2000w\" sizes=\"auto, (max-width: 2560px) 100vw, 2560px\" \/><div class=\"wp-block-cover__inner-container has-global-padding is-layout-constrained wp-block-cover-is-layout-constrained\">\n<div class=\"wp-block-group has-global-padding is-layout-constrained wp-container-core-group-is-layout-4383d167 wp-block-group-is-layout-constrained\">\n<h2 class=\"wp-block-heading has-white-color has-text-color has-large-font-size\">GOCTA &#8211; EL TREKKING COMPLETO<\/h2>\n\n\n\n<p><strong>A lo largo del recorrido, atravesamos diferentes climas y vegetaci\u00f3n, acompa\u00f1ados por cascadas en todo momento.<\/strong><\/p>\n\n\n\n<p>Es una caminata hermosa y extremadamente interesante y desafiante, recomendada solo para excursionistas experimentados que est\u00e9n preparados para los cambios de terreno y clima. <\/p>\n\n\n\n<div style=\"height:31px\" aria-hidden=\"true\" class=\"wp-block-spacer\"><\/div>\n\n\n\n<div class=\"wp-block-buttons is-layout-flex wp-block-buttons-is-layout-flex\">\n<div class=\"wp-block-button is-style-fill\" style=\"text-transform:uppercase\"><a class=\"wp-block-button__link has-secondary-background-color has-background wp-element-button\" href=\"https:\/\/shungalladventure.com\/?page_id=198\" style=\"border-radius:0px\">mas info &#8230;<\/a><\/div>\n<\/div>\n<\/div>\n<\/div><\/div>\n\n\n\n<div class=\"wp-block-group alignfull has-background has-global-padding is-layout-constrained wp-block-group-is-layout-constrained\" style=\"background-color:#e5e9ec;padding-top:var(--wp--preset--spacing--small);padding-bottom:var(--wp--preset--spacing--small)\">\n<div class=\"wp-block-columns is-layout-flex wp-container-core-columns-is-layout-7db7aa3e wp-block-columns-is-layout-flex\" style=\"padding-right:0;padding-left:0\">\n<div class=\"wp-block-column is-layout-flow wp-block-column-is-layout-flow\">\n<figure class=\"wp-block-image size-large\"><img loading=\"lazy\" decoding=\"async\" width=\"1024\" height=\"768\" src=\"https:\/\/shungalladventure.com\/wp-content\/uploads\/2024\/08\/79493fe4-4019-404f-9b72-24d82814dddb-EDIT-1024x768.jpg\" alt=\"\" class=\"wp-image-145\" srcset=\"https:\/\/shungalladventure.com\/wp-content\/uploads\/2024\/08\/79493fe4-4019-404f-9b72-24d82814dddb-EDIT-1024x768.jpg 1024w, https:\/\/shungalladventure.com\/wp-content\/uploads\/2024\/08\/79493fe4-4019-404f-9b72-24d82814dddb-EDIT-300x225.jpg 300w, https:\/\/shungalladventure.com\/wp-content\/uploads\/2024\/08\/79493fe4-4019-404f-9b72-24d82814dddb-EDIT.jpg 1280w\" sizes=\"auto, (max-width: 1024px) 100vw, 1024px\" \/><\/figure>\n<\/div>\n\n\n\n<div class=\"wp-block-column is-vertically-aligned-center is-layout-flow wp-block-column-is-layout-flow\">\n<h2 class=\"wp-block-heading has-medium-font-size\" style=\"text-transform:uppercase\">catarata golondrina &#8211; el arenal<\/h2>\n\n\n\n<p>Este trekking te lleva a la espectacular Catarata de Golondrina, donde podr\u00e1s nadar en sus cristalinas pozas y visitar el punto donde la cascada cae en un impresionante salto de 70 metros. Es una aventura perfecta para los amantes de la naturaleza y la exploraci\u00f3n.<\/p>\n\n\n\n<div class=\"wp-block-buttons is-horizontal is-content-justification-left is-layout-flex wp-container-core-buttons-is-layout-20be11b6 wp-block-buttons-is-layout-flex\">\n<div class=\"wp-block-button is-style-outline is-style-outline--1\"><a class=\"wp-block-button__link wp-element-button\" href=\"https:\/\/shungalladventure.com\/?page_id=195\">MAS INFO &#8230;<\/a><\/div>\n<\/div>\n<\/div>\n<\/div>\n<\/div>\n<\/div>\n\n\n\n<div class=\"wp-block-group alignfull is-layout-flow wp-container-core-group-is-layout-c4d5c1b7 wp-block-group-is-layout-flow\" id=\"cover\" style=\"margin-top:0px;margin-bottom:0px\">\n<div class=\"wp-block-cover alignfull\" style=\"min-height:549px;aspect-ratio:unset;\"><span aria-hidden=\"true\" class=\"wp-block-cover__background has-black-background-color has-background-dim-20 has-background-dim\"><\/span><img loading=\"lazy\" decoding=\"async\" width=\"2560\" height=\"1920\" class=\"wp-block-cover__image-background wp-image-153\" alt=\"\" src=\"https:\/\/shungalladventure.com\/wp-content\/uploads\/2024\/08\/IMG_20240406_121839-EDIT-scaled.jpg\" style=\"object-position:52% 65%\" data-object-fit=\"cover\" data-object-position=\"52% 65%\" srcset=\"https:\/\/shungalladventure.com\/wp-content\/uploads\/2024\/08\/IMG_20240406_121839-EDIT-scaled.jpg 2560w, https:\/\/shungalladventure.com\/wp-content\/uploads\/2024\/08\/IMG_20240406_121839-EDIT-300x225.jpg 300w, https:\/\/shungalladventure.com\/wp-content\/uploads\/2024\/08\/IMG_20240406_121839-EDIT-1024x768.jpg 1024w, https:\/\/shungalladventure.com\/wp-content\/uploads\/2024\/08\/IMG_20240406_121839-EDIT-2000x1500.jpg 2000w\" sizes=\"auto, (max-width: 2560px) 100vw, 2560px\" \/><div class=\"wp-block-cover__inner-container has-global-padding is-layout-constrained wp-block-cover-is-layout-constrained\">\n<div class=\"wp-block-group has-global-padding is-layout-constrained wp-container-core-group-is-layout-4383d167 wp-block-group-is-layout-constrained\">\n<h2 class=\"wp-block-heading has-white-color has-text-color has-large-font-size\">CERRO EL TIGRE &#8211; SAN GERONIMO<\/h2>\n\n\n\n<p>Un trekking espectacular al Cerro del Tigre, tambi\u00e9n conocido como San Ger\u00f3nimo. Este destino poco conocido ofrece paisajes impresionantes, biodiversidad \u00fanica y una experiencia aut\u00e9ntica de la cultura local.<\/p>\n\n\n\n<p>El punto culminante de nuestra caminata ser\u00e1 la visita a los enigm\u00e1ticos <strong>sarc\u00f3fagos de San Ger\u00f3nimo<\/strong><\/p>\n\n\n\n<div style=\"height:31px\" aria-hidden=\"true\" class=\"wp-block-spacer\"><\/div>\n\n\n\n<div class=\"wp-block-buttons is-layout-flex wp-block-buttons-is-layout-flex\">\n<div class=\"wp-block-button is-style-fill\" style=\"text-transform:uppercase\"><a class=\"wp-block-button__link has-secondary-background-color has-background wp-element-button\" href=\"https:\/\/shungalladventure.com\/?page_id=141\" style=\"border-radius:0px\">mas info &#8230;<\/a><\/div>\n<\/div>\n<\/div>\n<\/div><\/div>\n\n\n\n<div class=\"wp-block-group alignfull has-background has-global-padding is-layout-constrained wp-block-group-is-layout-constrained\" style=\"background-color:#e5e9ec;padding-top:var(--wp--preset--spacing--small);padding-bottom:var(--wp--preset--spacing--small)\">\n<div class=\"wp-block-columns is-layout-flex wp-container-core-columns-is-layout-7db7aa3e wp-block-columns-is-layout-flex\" style=\"padding-right:0;padding-left:0\">\n<div class=\"wp-block-column is-layout-flow wp-block-column-is-layout-flow\">\n<h2 class=\"wp-block-heading has-medium-font-size\" style=\"text-transform:uppercase\">catarata de yumbilla<\/h2>\n\n\n\n<p>Disfruta de la majestuosidad de una de las cascadas m\u00e1s altas del mundo, con ca\u00eddas de agua que alcanzan los 895 metros. Esta aventura te ofrece vistas panor\u00e1micas y la oportunidad de conectarte con la naturaleza en su estado m\u00e1s puro.<\/p>\n\n\n\n<div class=\"wp-block-buttons is-horizontal is-content-justification-left is-layout-flex wp-container-core-buttons-is-layout-20be11b6 wp-block-buttons-is-layout-flex\">\n<div class=\"wp-block-button is-style-outline is-style-outline--2\"><a class=\"wp-block-button__link wp-element-button\" href=\"https:\/\/shungalladventure.com\/?page_id=203\">MAS INFO &#8230;<\/a><\/div>\n<\/div>\n<\/div>\n\n\n\n<div class=\"wp-block-column is-vertically-aligned-center is-layout-flow wp-block-column-is-layout-flow\">\n<figure class=\"wp-block-image size-large\"><img loading=\"lazy\" decoding=\"async\" width=\"1024\" height=\"576\" src=\"https:\/\/shungalladventure.com\/wp-content\/uploads\/2024\/08\/yumbilla-1024x576.jpg\" alt=\"\" class=\"wp-image-150\" srcset=\"https:\/\/shungalladventure.com\/wp-content\/uploads\/2024\/08\/yumbilla-1024x576.jpg 1024w, https:\/\/shungalladventure.com\/wp-content\/uploads\/2024\/08\/yumbilla-300x169.jpg 300w, https:\/\/shungalladventure.com\/wp-content\/uploads\/2024\/08\/yumbilla-2000x1125.jpg 2000w\" sizes=\"auto, (max-width: 1024px) 100vw, 1024px\" \/><\/figure>\n<\/div>\n<\/div>\n<\/div>\n<\/div>\n\n\n\n<div class=\"wp-block-group alignfull is-layout-flow wp-container-core-group-is-layout-c4d5c1b7 wp-block-group-is-layout-flow\" id=\"cover\" style=\"margin-top:0px;margin-bottom:0px\">\n<div class=\"wp-block-cover alignfull\" style=\"min-height:549px;aspect-ratio:unset;\"><span aria-hidden=\"true\" class=\"wp-block-cover__background has-black-background-color has-background-dim-20 has-background-dim\"><\/span><img loading=\"lazy\" decoding=\"async\" width=\"2560\" height=\"1440\" class=\"wp-block-cover__image-background wp-image-148\" alt=\"\" src=\"https:\/\/shungalladventure.com\/wp-content\/uploads\/2024\/08\/IMG_20220108_112007-EDIT-scaled.jpg\" data-object-fit=\"cover\" srcset=\"https:\/\/shungalladventure.com\/wp-content\/uploads\/2024\/08\/IMG_20220108_112007-EDIT-scaled.jpg 2560w, https:\/\/shungalladventure.com\/wp-content\/uploads\/2024\/08\/IMG_20220108_112007-EDIT-300x169.jpg 300w, https:\/\/shungalladventure.com\/wp-content\/uploads\/2024\/08\/IMG_20220108_112007-EDIT-1024x576.jpg 1024w, https:\/\/shungalladventure.com\/wp-content\/uploads\/2024\/08\/IMG_20220108_112007-EDIT-2000x1125.jpg 2000w\" sizes=\"auto, (max-width: 2560px) 100vw, 2560px\" \/><div class=\"wp-block-cover__inner-container has-global-padding is-layout-constrained wp-block-cover-is-layout-constrained\">\n<div class=\"wp-block-group has-global-padding is-layout-constrained wp-container-core-group-is-layout-4383d167 wp-block-group-is-layout-constrained\">\n<h2 class=\"wp-block-heading has-white-color has-text-color has-large-font-size\">TREKKING LOS DOS MIRADORES<\/h2>\n\n\n\n<p>Hermosa caminata de nivel f\u00e1cil para conectarse con las monta\u00f1as y las impresionantes vistas caracter\u00edsticas del Ca\u00f1\u00f3n del Sonche.<\/p>\n\n\n\n<p> La caminata comienza en el <strong>Mirador del Sonche<\/strong> y se traslada al <strong>Mirador de Huancahurco<\/strong> en un entorno hermoso y tranquilo.<\/p>\n\n\n\n<div style=\"height:31px\" aria-hidden=\"true\" class=\"wp-block-spacer\"><\/div>\n\n\n\n<div class=\"wp-block-buttons is-layout-flex wp-block-buttons-is-layout-flex\">\n<div class=\"wp-block-button is-style-fill\" style=\"text-transform:uppercase\"><a class=\"wp-block-button__link has-secondary-background-color has-background wp-element-button\" href=\"https:\/\/shungalladventure.com\/?page_id=207\" style=\"border-radius:0px\">mas info &#8230;<\/a><\/div>\n<\/div>\n<\/div>\n<\/div><\/div>\n\n\n\n<div class=\"wp-block-group alignfull has-background has-global-padding is-layout-constrained wp-block-group-is-layout-constrained\" style=\"background-color:#e5e9ec;padding-top:var(--wp--preset--spacing--small);padding-bottom:var(--wp--preset--spacing--small)\">\n<div class=\"wp-block-columns is-layout-flex wp-container-core-columns-is-layout-7db7aa3e wp-block-columns-is-layout-flex\" style=\"padding-right:0;padding-left:0\">\n<div class=\"wp-block-column is-layout-flow wp-block-column-is-layout-flow\">\n<h2 class=\"wp-block-heading has-medium-font-size\" style=\"text-transform:uppercase\">catarata de CAJUACHE<\/h2>\n\n\n\n<p>Descubre la magia de la Catarata de Cajuache en un trekking que te llevar\u00e1 hasta una impresionante cascada. La aventura se vuelve a\u00fan m\u00e1s emocionante cuando entras en una abertura en la monta\u00f1a, donde una escalera de piedra te gu\u00eda hasta la parte alta de la catarata. Es una experiencia \u00fanica que combina naturaleza y exploraci\u00f3n en un entorno sereno.<\/p>\n\n\n\n<div class=\"wp-block-buttons is-horizontal is-content-justification-left is-layout-flex wp-container-core-buttons-is-layout-20be11b6 wp-block-buttons-is-layout-flex\">\n<div class=\"wp-block-button is-style-outline is-style-outline--3\"><a class=\"wp-block-button__link wp-element-button\" href=\"https:\/\/shungalladventure.com\/?page_id=210\">MAS INFO &#8230;<\/a><\/div>\n<\/div>\n<\/div>\n\n\n\n<div class=\"wp-block-column is-vertically-aligned-center is-layout-flow wp-block-column-is-layout-flow\">\n<figure class=\"wp-block-image size-full\"><img loading=\"lazy\" decoding=\"async\" width=\"600\" height=\"600\" src=\"https:\/\/shungalladventure.com\/wp-content\/uploads\/2024\/08\/cajuache_mamaq.png\" alt=\"\" class=\"wp-image-168\" srcset=\"https:\/\/shungalladventure.com\/wp-content\/uploads\/2024\/08\/cajuache_mamaq.png 600w, https:\/\/shungalladventure.com\/wp-content\/uploads\/2024\/08\/cajuache_mamaq-300x300.png 300w, https:\/\/shungalladventure.com\/wp-content\/uploads\/2024\/08\/cajuache_mamaq-150x150.png 150w\" sizes=\"auto, (max-width: 600px) 100vw, 600px\" \/><\/figure>\n<\/div>\n<\/div>\n<\/div>\n<\/div>\n","protected":false},"excerpt":{"rendered":"<p>Shungalla Adventure es tu mejor opci\u00f3n para trekking y aventura en Amazonas, estamos especializados en rutas alternativas, experiencias y viajes \u00abtailor made\u00bb. catarata golondrina &#8211; el arenal Este trekking te lleva a la espectacular Catarata de Golondrina, donde podr\u00e1s nadar en sus cristalinas pozas y visitar el punto donde la cascada cae en un impresionante &hellip; <\/p>\n<p class=\"link-more\"><a href=\"https:\/\/shungalladventure.com\/?page_id=10\" class=\"more-link\">Leer m\u00e1s<span class=\"screen-reader-text\"> \u00abTREKKING\u00bb<\/span><\/a><\/p>\n","protected":false},"author":1,"featured_media":126,"parent":0,"menu_order":0,"comment_status":"closed","ping_status":"closed","template":"","meta":{"inspiro_hide_title":false,"_joinchat":[],"footnotes":""},"class_list":["post-10","page","type-page","status-publish","has-post-thumbnail","hentry"],"featured_media_urls":{"thumbnail":["https:\/\/shungalladventure.com\/wp-content\/uploads\/2024\/08\/IMG-20240730-WA0017-150x150.jpg",150,150,true],"medium":["https:\/\/shungalladventure.com\/wp-content\/uploads\/2024\/08\/IMG-20240730-WA0017-300x225.jpg",300,225,true],"medium_large":["https:\/\/shungalladventure.com\/wp-content\/uploads\/2024\/08\/IMG-20240730-WA0017.jpg",768,576,false],"large":["https:\/\/shungalladventure.com\/wp-content\/uploads\/2024\/08\/IMG-20240730-WA0017-1024x768.jpg",950,713,true],"1536x1536":["https:\/\/shungalladventure.com\/wp-content\/uploads\/2024\/08\/IMG-20240730-WA0017-1536x1152.jpg",1536,1152,true],"2048x2048":["https:\/\/shungalladventure.com\/wp-content\/uploads\/2024\/08\/IMG-20240730-WA0017.jpg",1600,1200,false],"inspiro-featured-image":["https:\/\/shungalladventure.com\/wp-content\/uploads\/2024\/08\/IMG-20240730-WA0017.jpg",1600,1200,false],"inspiro-loop":["https:\/\/shungalladventure.com\/wp-content\/uploads\/2024\/08\/IMG-20240730-WA0017-950x320.jpg",950,320,true],"inspiro-loop@2x":["https:\/\/shungalladventure.com\/wp-content\/uploads\/2024\/08\/IMG-20240730-WA0017-1600x640.jpg",1600,640,true],"portfolio_item-thumbnail":["https:\/\/shungalladventure.com\/wp-content\/uploads\/2024\/08\/IMG-20240730-WA0017-600x400.jpg",600,400,true],"portfolio_item-thumbnail@2x":["https:\/\/shungalladventure.com\/wp-content\/uploads\/2024\/08\/IMG-20240730-WA0017-1200x800.jpg",1200,800,true],"portfolio_item-masonry":["https:\/\/shungalladventure.com\/wp-content\/uploads\/2024\/08\/IMG-20240730-WA0017-600x450.jpg",600,450,true],"portfolio_item-masonry@2x":["https:\/\/shungalladventure.com\/wp-content\/uploads\/2024\/08\/IMG-20240730-WA0017-1200x900.jpg",1200,900,true],"portfolio_item-thumbnail_cinema":["https:\/\/shungalladventure.com\/wp-content\/uploads\/2024\/08\/IMG-20240730-WA0017-800x335.jpg",800,335,true],"portfolio_item-thumbnail_portrait":["https:\/\/shungalladventure.com\/wp-content\/uploads\/2024\/08\/IMG-20240730-WA0017-600x900.jpg",600,900,true],"portfolio_item-thumbnail_portrait@2x":["https:\/\/shungalladventure.com\/wp-content\/uploads\/2024\/08\/IMG-20240730-WA0017-1200x1200.jpg",1200,1200,true],"portfolio_item-thumbnail_square":["https:\/\/shungalladventure.com\/wp-content\/uploads\/2024\/08\/IMG-20240730-WA0017-800x800.jpg",800,800,true]},"_links":{"self":[{"href":"https:\/\/shungalladventure.com\/index.php?rest_route=\/wp\/v2\/pages\/10","targetHints":{"allow":["GET"]}}],"collection":[{"href":"https:\/\/shungalladventure.com\/index.php?rest_route=\/wp\/v2\/pages"}],"about":[{"href":"https:\/\/shungalladventure.com\/index.php?rest_route=\/wp\/v2\/types\/page"}],"author":[{"embeddable":true,"href":"https:\/\/shungalladventure.com\/index.php?rest_route=\/wp\/v2\/users\/1"}],"replies":[{"embeddable":true,"href":"https:\/\/shungalladventure.com\/index.php?rest_route=%2Fwp%2Fv2%2Fcomments&post=10"}],"version-history":[{"count":39,"href":"https:\/\/shungalladventure.com\/index.php?rest_route=\/wp\/v2\/pages\/10\/revisions"}],"predecessor-version":[{"id":242,"href":"https:\/\/shungalladventure.com\/index.php?rest_route=\/wp\/v2\/pages\/10\/revisions\/242"}],"wp:featuredmedia":[{"embeddable":true,"href":"https:\/\/shungalladventure.com\/index.php?rest_route=\/wp\/v2\/media\/126"}],"wp:attachment":[{"href":"https:\/\/shungalladventure.com\/index.php?rest_route=%2Fwp%2Fv2%2Fmedia&parent=10"}],"curies":[{"name":"wp","href":"https:\/\/api.w.org\/{rel}","templated":true}]}}